{"id":687,"date":"2026-01-29T20:01:07","date_gmt":"2026-01-29T20:01:07","guid":{"rendered":"https:\/\/demo.danz.be\/dev\/professeurs\/"},"modified":"2026-01-29T20:01:07","modified_gmt":"2026-01-29T20:01:07","slug":"professeurs","status":"publish","type":"page","link":"https:\/\/demo.danz.be\/dev\/professeurs\/","title":{"rendered":"Professeurs"},"content":{"rendered":"        <div class=\"dpf-wrap dpf-layout-cards dpf-has-shadow\" style=\"--dpf-cols:2;--dpf-cols-tablet:2;--dpf-cols-mobile:1;--dpf-card-height:450px;--dpf-card-radius:18px;--dpf-photo-radius:18px;--dpf-overlay-bg:rgba(0,0,0,0.35);--dpf-name-size:56px;--dpf-style-size:28px;--dpf-name-color:#ffffff;--dpf-style-color:#ff1956;--dpf-back-overlay-bg:rgba(255,255,255,0.88);--dpf-back-name-size:20px;--dpf-back-style-size:13px;--dpf-back-text-size:14px;--dpf-back-name-color:#ff1956;--dpf-back-style-color:#111111;--dpf-back-text:#111111;--dpf-back-bg:#ffffff;--dpf-show-hero-height:420px;--dpf-flip-ms:650ms;\">\n            <div class=\"dpf-grid\" aria-label=\"Liste des professeurs\">\n                                <article class=\"dpf-card\" tabindex=\"0\" role=\"button\" aria-expanded=\"false\" data-prof-id=\"8\">\n                    <div class=\"dpf-card-inner\">\n                        <div class=\"dpf-card-front\">\n                            <div class=\"dpf-photo\" style=\"background-image:url('https:\/\/secure.gravatar.com\/avatar\/1cbc81ddb475653c9b5d4234d3b1a6f599a026f9911374c0621cf7b6be2d8b09?s=256&#038;d=mm&#038;r=g');\"><\/div>\n                            <div class=\"dpf-overlay\"><\/div>\n                            <div class=\"dpf-front-content\">\n                                <div class=\"dpf-name\">David Isco<\/div>\n                                                                    <div class=\"dpf-style\">HipHop \/ Salsa<\/div>\n                                                            <\/div>\n                        <\/div>\n                        <div class=\"dpf-card-back\">\n                            <div class=\"dpf-back-photo-bg\" style=\"background-image:url('https:\/\/secure.gravatar.com\/avatar\/1cbc81ddb475653c9b5d4234d3b1a6f599a026f9911374c0621cf7b6be2d8b09?s=256&#038;d=mm&#038;r=g');\"><\/div>\n                            <div class=\"dpf-back-overlay\" aria-hidden=\"true\"><\/div>\n\n                            <button type=\"button\" class=\"dpf-close\" aria-label=\"Fermer\">\u00d7<\/button>\n\n                            <div class=\"dpf-back-content\">\n                                <div class=\"dpf-back-top\">\n                                    <div class=\"dpf-back-name\">David Isco<\/div>\n                                                                            <div class=\"dpf-back-style\">HipHop \u2022 Salsa<\/div>\n                                                                    <\/div>\n\n                                                                    <div class=\"dpf-back-section-title dpf-back-bio-title\">Bio<\/div>\n                                \n                                                                    <div class=\"dpf-back-bio dpf-bio\"><p>David, danseur hip-hop chevronn\u00e9 \u00e0 Paris, allie technique et cr\u00e9ativit\u00e9 dans ses cours tout en r\u00eavant d'ouvrir sa propre \u00e9cole de danse.<\/p>\n<\/div>\n                                \n                                <div class=\"dpf-back-footer\">\n                                                                                                                                            <\/div>\n                            <\/div>\n                        <\/div>\n                    <\/div>\n                <\/article>\n                                <article class=\"dpf-card\" tabindex=\"0\" role=\"button\" aria-expanded=\"false\" data-prof-id=\"19\">\n                    <div class=\"dpf-card-inner\">\n                        <div class=\"dpf-card-front\">\n                            <div class=\"dpf-photo\" style=\"background-image:url('https:\/\/secure.gravatar.com\/avatar\/013c28b3ffae5b16950ab966a81f7a35423a82a6169d8a82a32e93a0385bbbca?s=256&#038;d=mm&#038;r=g');\"><\/div>\n                            <div class=\"dpf-overlay\"><\/div>\n                            <div class=\"dpf-front-content\">\n                                <div class=\"dpf-name\">Malika Shad<\/div>\n                                                                    <div class=\"dpf-style\">HipHop<\/div>\n                                                            <\/div>\n                        <\/div>\n                        <div class=\"dpf-card-back\">\n                            <div class=\"dpf-back-photo-bg\" style=\"background-image:url('https:\/\/secure.gravatar.com\/avatar\/013c28b3ffae5b16950ab966a81f7a35423a82a6169d8a82a32e93a0385bbbca?s=256&#038;d=mm&#038;r=g');\"><\/div>\n                            <div class=\"dpf-back-overlay\" aria-hidden=\"true\"><\/div>\n\n                            <button type=\"button\" class=\"dpf-close\" aria-label=\"Fermer\">\u00d7<\/button>\n\n                            <div class=\"dpf-back-content\">\n                                <div class=\"dpf-back-top\">\n                                    <div class=\"dpf-back-name\">Malika Shad<\/div>\n                                                                            <div class=\"dpf-back-style\">HipHop<\/div>\n                                                                    <\/div>\n\n                                                                    <div class=\"dpf-back-section-title dpf-back-bio-title\">Bio<\/div>\n                                \n                                                                    <div class=\"dpf-back-bio dpf-bio\"><p>Danseuse Hip Hop, depuis de nombreuses ann\u00e9es<\/p>\n<\/div>\n                                \n                                <div class=\"dpf-back-footer\">\n                                                                                                                                            <\/div>\n                            <\/div>\n                        <\/div>\n                    <\/div>\n                <\/article>\n                            <\/div>\n\n        <\/div>\n        \n","protected":false},"excerpt":{"rendered":"","protected":false},"author":1,"featured_media":0,"parent":0,"menu_order":3,"comment_status":"closed","ping_status":"closed","template":"","meta":{"footnotes":""},"class_list":["post-687","page","type-page","status-publish","hentry"],"_links":{"self":[{"href":"https:\/\/demo.danz.be\/dev\/wp-json\/wp\/v2\/pages\/687","targetHints":{"allow":["GET"]}}],"collection":[{"href":"https:\/\/demo.danz.be\/dev\/wp-json\/wp\/v2\/pages"}],"about":[{"href":"https:\/\/demo.danz.be\/dev\/wp-json\/wp\/v2\/types\/page"}],"author":[{"embeddable":true,"href":"https:\/\/demo.danz.be\/dev\/wp-json\/wp\/v2\/users\/1"}],"replies":[{"embeddable":true,"href":"https:\/\/demo.danz.be\/dev\/wp-json\/wp\/v2\/comments?post=687"}],"version-history":[{"count":0,"href":"https:\/\/demo.danz.be\/dev\/wp-json\/wp\/v2\/pages\/687\/revisions"}],"wp:attachment":[{"href":"https:\/\/demo.danz.be\/dev\/wp-json\/wp\/v2\/media?parent=687"}],"curies":[{"name":"wp","href":"https:\/\/api.w.org\/{rel}","templated":true}]}}