{"id":2869,"date":"2026-04-29T23:00:18","date_gmt":"2026-04-29T23:00:18","guid":{"rendered":"https:\/\/demo.danz.be\/demo\/produit\/gala-annuel-de-fin-dannee\/"},"modified":"2026-04-29T23:00:18","modified_gmt":"2026-04-29T23:00:18","slug":"gala-annuel-de-fin-dannee","status":"publish","type":"product","link":"https:\/\/demo.danz.be\/demo\/produit\/gala-annuel-de-fin-dannee\/","title":{"rendered":"Gala annuel de fin d&rsquo;ann\u00e9e"},"content":{"rendered":"<p>Spectacle des \u00e9l\u00e8ves au Th\u00e9\u00e2tre municipal.<\/p>\n<p><strong>\ud83d\udccd Lieu :<\/strong> Grande Salle<\/p>\n<p><strong>\ud83d\udcc5 Date :<\/strong> 2026-07-29 18:00:18<\/p>\n<p><strong>\ud83d\udc65 Capacit\u00e9 :<\/strong> 50 places<\/p>\n","protected":false},"excerpt":{"rendered":"<p>29\/07\/2026 18h00 \u00b7 Grande Salle \u00b7 50 places<\/p>\n","protected":false},"featured_media":2865,"comment_status":"open","ping_status":"closed","template":"","meta":[],"product_brand":[],"product_cat":[21],"product_tag":[],"class_list":{"0":"post-2869","1":"product","2":"type-product","3":"status-publish","4":"has-post-thumbnail","6":"product_cat-evenements","8":"first","9":"instock","10":"virtual","11":"purchasable","12":"product-type-simple"},"_links":{"self":[{"href":"https:\/\/demo.danz.be\/demo\/wp-json\/wp\/v2\/product\/2869","targetHints":{"allow":["GET"]}}],"collection":[{"href":"https:\/\/demo.danz.be\/demo\/wp-json\/wp\/v2\/product"}],"about":[{"href":"https:\/\/demo.danz.be\/demo\/wp-json\/wp\/v2\/types\/product"}],"replies":[{"embeddable":true,"href":"https:\/\/demo.danz.be\/demo\/wp-json\/wp\/v2\/comments?post=2869"}],"wp:featuredmedia":[{"embeddable":true,"href":"https:\/\/demo.danz.be\/demo\/wp-json\/wp\/v2\/media\/2865"}],"wp:attachment":[{"href":"https:\/\/demo.danz.be\/demo\/wp-json\/wp\/v2\/media?parent=2869"}],"wp:term":[{"taxonomy":"product_brand","embeddable":true,"href":"https:\/\/demo.danz.be\/demo\/wp-json\/wp\/v2\/product_brand?post=2869"},{"taxonomy":"product_cat","embeddable":true,"href":"https:\/\/demo.danz.be\/demo\/wp-json\/wp\/v2\/product_cat?post=2869"},{"taxonomy":"product_tag","embeddable":true,"href":"https:\/\/demo.danz.be\/demo\/wp-json\/wp\/v2\/product_tag?post=2869"}],"curies":[{"name":"wp","href":"https:\/\/api.w.org\/{rel}","templated":true}]}}

Gala annuel de fin d&rsquo;année

<p>Spectacle des élèves au Théâtre municipal.</p>
<p><strong>📍 Lieu :</strong> Grande Salle</p>
<p><strong>📅 Date :</strong> 2026-07-29 18:00:18</p>
<p><strong>👥 Capacité :</strong> 50 places</p>
