{"id":2799,"date":"2026-04-29T21:56:40","date_gmt":"2026-04-29T21:56:40","guid":{"rendered":"https:\/\/demo.danz.be\/demo\/produit\/master-class-modern-jazz\/"},"modified":"2026-04-29T21:56:40","modified_gmt":"2026-04-29T21:56:40","slug":"master-class-modern-jazz","status":"publish","type":"product","link":"https:\/\/demo.danz.be\/demo\/produit\/master-class-modern-jazz\/","title":{"rendered":"Master Class Modern Jazz"},"content":{"rendered":"<p>Master class de 3 heures anim\u00e9e par Cassandre Lavigne.<\/p>\n<p><strong>\ud83d\udccd Lieu :<\/strong> Th\u00e9\u00e2tre Lumi\u00e8re<\/p>\n<p><strong>\ud83d\udcc5 Date :<\/strong> 2026-05-25 16:56:40<\/p>\n<p><strong>\ud83d\udc65 Capacit\u00e9 :<\/strong> 30 places<\/p>\n","protected":false},"excerpt":{"rendered":"<p>25\/05\/2026 16h56 \u00b7 Th\u00e9\u00e2tre Lumi\u00e8re \u00b7 30 places<\/p>\n","protected":false},"featured_media":2797,"comment_status":"open","ping_status":"closed","template":"","meta":[],"product_brand":[],"product_cat":[21],"product_tag":[],"class_list":{"0":"post-2799","1":"product","2":"type-product","3":"status-publish","4":"has-post-thumbnail","6":"product_cat-evenements","8":"first","9":"instock","10":"virtual","11":"purchasable","12":"product-type-simple"},"_links":{"self":[{"href":"https:\/\/demo.danz.be\/demo\/wp-json\/wp\/v2\/product\/2799","targetHints":{"allow":["GET"]}}],"collection":[{"href":"https:\/\/demo.danz.be\/demo\/wp-json\/wp\/v2\/product"}],"about":[{"href":"https:\/\/demo.danz.be\/demo\/wp-json\/wp\/v2\/types\/product"}],"replies":[{"embeddable":true,"href":"https:\/\/demo.danz.be\/demo\/wp-json\/wp\/v2\/comments?post=2799"}],"wp:featuredmedia":[{"embeddable":true,"href":"https:\/\/demo.danz.be\/demo\/wp-json\/wp\/v2\/media\/2797"}],"wp:attachment":[{"href":"https:\/\/demo.danz.be\/demo\/wp-json\/wp\/v2\/media?parent=2799"}],"wp:term":[{"taxonomy":"product_brand","embeddable":true,"href":"https:\/\/demo.danz.be\/demo\/wp-json\/wp\/v2\/product_brand?post=2799"},{"taxonomy":"product_cat","embeddable":true,"href":"https:\/\/demo.danz.be\/demo\/wp-json\/wp\/v2\/product_cat?post=2799"},{"taxonomy":"product_tag","embeddable":true,"href":"https:\/\/demo.danz.be\/demo\/wp-json\/wp\/v2\/product_tag?post=2799"}],"curies":[{"name":"wp","href":"https:\/\/api.w.org\/{rel}","templated":true}]}}

<p>Master class de 3 heures animée par Cassandre Lavigne.</p>
<p><strong>📍 Lieu :</strong> Théâtre Lumière</p>
<p><strong>📅 Date :</strong> 2026-05-25 16:56:40</p>
<p><strong>👥 Capacité :</strong> 30 places</p>

<p>25/05/2026 16h56 · Théâtre Lumière · 30 places</p>
